{"id":2500,"date":"2025-07-09T10:12:35","date_gmt":"2025-07-09T08:12:35","guid":{"rendered":"https:\/\/www.fabryczkaszczescia.pl\/?page_id=2500"},"modified":"2025-08-05T14:22:50","modified_gmt":"2025-08-05T12:22:50","slug":"bip","status":"publish","type":"page","link":"https:\/\/www.fabryczkaszczescia.pl\/index.php\/bip\/","title":{"rendered":"BIP"},"content":{"rendered":"\t\t<div data-elementor-type=\"wp-page\" data-elementor-id=\"2500\" class=\"elementor elementor-2500\">\n\t\t\t\t<div class=\"elementor-element elementor-element-c9a336d e-flex e-con-boxed e-con e-parent\" data-id=\"c9a336d\" data-element_type=\"container\" data-e-type=\"container\">\r\n\t\t\t\t\t<div class=\"e-con-inner\">\r\n\t\t\t\t<div class=\"elementor-element elementor-element-3a2e814 w-auto elementor-widget elementor-widget-porto_ultimate_heading\" data-id=\"3a2e814\" data-element_type=\"widget\" data-e-type=\"widget\" data-widget_type=\"porto_ultimate_heading.default\">\n\t\t\t\t<div class=\"elementor-widget-container\">\n\t\t\t\t\t<div class=\"porto-u-heading  porto-u-477f1b3149c26b75a8a8949f9ff107a5\"><div class=\"porto-u-sub-heading\" style=\"\"><p><img fetchpriority=\"high\" decoding=\"async\" class=\"alignnone size-medium wp-image-2501\" src=\"https:\/\/www.fabryczkaszczescia.pl\/wp-content\/uploads\/2025\/07\/bip-300x184.jpg\" alt=\"\" width=\"300\" height=\"184\" \/><\/p><\/div><style>.porto-u-477f1b3149c26b75a8a8949f9ff107a5.porto-u-heading{text-align:inherit}<\/style><\/div>\t\t\t\t<\/div>\n\t\t\t\t<\/div>\n\t\t\t\t<div class=\"elementor-element elementor-element-4428b68 custom-infobox-style mb-0 elementor-invisible elementor-widget elementor-widget-porto_info_box\" data-id=\"4428b68\" data-element_type=\"widget\" data-e-type=\"widget\" data-settings=\"{&quot;_animation&quot;:&quot;fadeInUp&quot;,&quot;_animation_delay&quot;:&quot;900&quot;}\" data-widget_type=\"porto_info_box.default\">\n\t\t\t\t<div class=\"elementor-widget-container\">\n\t\t\t\t\t<a aria-label=\"+48 533 788 588\" class=\"porto-sicon-box-link\" href=\"tel:0123456789\"><div class=\"porto-sicon-box style_1 default-icon\"><div class=\"porto-sicon-default\"><div class=\"porto-just-icon-wrapper porto-icon none\" style=\"margin-right:12px;\"><i class=\"porto-icon-phone-1\"><\/i><\/div><\/div><div class=\"porto-sicon-header\"><h6 class=\"porto-sicon-title\" style=\"\">+48 533 788 588<\/h6><\/div> <!-- header --><\/div><!-- porto-sicon-box --><\/a>\t\t\t\t<\/div>\n\t\t\t\t<\/div>\n\t\t\t\t<div class=\"elementor-element elementor-element-b8db86d w-auto elementor-widget elementor-widget-text-editor\" data-id=\"b8db86d\" data-element_type=\"widget\" data-e-type=\"widget\" data-widget_type=\"text-editor.default\">\n\t\t\t\t<div class=\"elementor-widget-container\">\n\t\t\t\t\t\t\t\t\t<p><span style=\"color: rgba(0, 0, 0, 0.87); font-family: Roboto, sans-serif; font-size: 20px;\">NIEPUBLICZNA PORADNIA PSYCHOLOGICZNO-PEDAGOGICZNA &#8222;FABRYCZKA SZCZ\u0118\u015aCIA&#8221;<br \/><\/span><span style=\"color: #212529; font-family: system-ui, -apple-system, 'Segoe UI', Roboto, 'Helvetica Neue', 'Noto Sans', 'Liberation Sans', Arial, sans-serif, 'Apple Color Emoji', 'Segoe UI Emoji', 'Segoe UI Symbol', 'Noto Color Emoji'; font-size: 19.2px;\"><br \/><span style=\"font-size: 20px;\">28-100 Busko-Zdr\u00f3j, ul. Partyzant\u00f3w 22<\/span><\/span><br style=\"color: #212529; font-family: system-ui, -apple-system, 'Segoe UI', Roboto, 'Helvetica Neue', 'Noto Sans', 'Liberation Sans', Arial, sans-serif, 'Apple Color Emoji', 'Segoe UI Emoji', 'Segoe UI Symbol', 'Noto Color Emoji'; font-size: 19.2px;\" \/><span style=\"color: #212529; font-family: system-ui, -apple-system, 'Segoe UI', Roboto, 'Helvetica Neue', 'Noto Sans', 'Liberation Sans', Arial, sans-serif, 'Apple Color Emoji', 'Segoe UI Emoji', 'Segoe UI Symbol', 'Noto Color Emoji'; font-size: 20px;\">tel. 602 670 417<\/span><br style=\"color: #212529; font-family: system-ui, -apple-system, 'Segoe UI', Roboto, 'Helvetica Neue', 'Noto Sans', 'Liberation Sans', Arial, sans-serif, 'Apple Color Emoji', 'Segoe UI Emoji', 'Segoe UI Symbol', 'Noto Color Emoji'; font-size: 19.2px;\" \/><span style=\"font-size: 20px;\"><span style=\"color: #212529; font-family: system-ui, -apple-system, 'Segoe UI', Roboto, 'Helvetica Neue', 'Noto Sans', 'Liberation Sans', Arial, sans-serif, 'Apple Color Emoji', 'Segoe UI Emoji', 'Segoe UI Symbol', 'Noto Color Emoji';\">e-mail: <a href=\"mailto: kontakt@fabryczkaszczescia.pl\">kontakt@fabryczkaszczescia.pl<\/a><\/span><span style=\"color: #212529; font-family: system-ui, -apple-system, 'Segoe UI', Roboto, 'Helvetica Neue', 'Noto Sans', 'Liberation Sans', Arial, sans-serif, 'Apple Color Emoji', 'Segoe UI Emoji', 'Segoe UI Symbol', 'Noto Color Emoji';\">\u00a0<\/span><\/span><\/p>\n<p><span style=\"font-size: 20px;\"><span style=\"color: #212529; font-family: system-ui, -apple-system, 'Segoe UI', Roboto, 'Helvetica Neue', 'Noto Sans', 'Liberation Sans', Arial, sans-serif, 'Apple Color Emoji', 'Segoe UI Emoji', 'Segoe UI Symbol', 'Noto Color Emoji';\">adres e-dor\u0119cze\u0144: <\/span> AE:PL-33031-38666-IFJHT-17<\/span><\/p>\n<p><span style=\"font-size: 20px;\"><span style=\"color: #212529; font-family: system-ui, -apple-system, 'Segoe UI', Roboto, 'Helvetica Neue', 'Noto Sans', 'Liberation Sans', Arial, sans-serif, 'Apple Color Emoji', 'Segoe UI Emoji', 'Segoe UI Symbol', 'Noto Color Emoji';\">strona\u00a0<\/span><span style=\"color: #212529; font-family: system-ui, -apple-system, 'Segoe UI', Roboto, 'Helvetica Neue', 'Noto Sans', 'Liberation Sans', Arial, sans-serif, 'Apple Color Emoji', 'Segoe UI Emoji', 'Segoe UI Symbol', 'Noto Color Emoji';\">www: <\/span><a style=\"color: #003d98; text-decoration-line: underline; font-family: system-ui, -apple-system, 'Segoe UI', Roboto, 'Helvetica Neue', 'Noto Sans', 'Liberation Sans', Arial, sans-serif, 'Apple Color Emoji', 'Segoe UI Emoji', 'Segoe UI Symbol', 'Noto Color Emoji';\" title=\"Link prowadzi do zewn\u0119trznego serwisu\" href=\"https:\/\/www.fabryczkaszczescia.pl\/\">www.fabryczkaszczescia.pl<\/a><\/span><br style=\"color: #212529; font-family: system-ui, -apple-system, 'Segoe UI', Roboto, 'Helvetica Neue', 'Noto Sans', 'Liberation Sans', Arial, sans-serif, 'Apple Color Emoji', 'Segoe UI Emoji', 'Segoe UI Symbol', 'Noto Color Emoji'; font-size: 19.2px;\" \/><br style=\"color: #212529; font-family: system-ui, -apple-system, 'Segoe UI', Roboto, 'Helvetica Neue', 'Noto Sans', 'Liberation Sans', Arial, sans-serif, 'Apple Color Emoji', 'Segoe UI Emoji', 'Segoe UI Symbol', 'Noto Color Emoji'; font-size: 19.2px;\" \/><span style=\"color: #212529; font-family: system-ui, -apple-system, 'Segoe UI', Roboto, 'Helvetica Neue', 'Noto Sans', 'Liberation Sans', Arial, sans-serif, 'Apple Color Emoji', 'Segoe UI Emoji', 'Segoe UI Symbol', 'Noto Color Emoji'; font-size: 20px;\">Dyrektor jednostki: Jakub Mo\u0107ko<\/span><\/p>\t\t\t\t\t\t\t\t<\/div>\n\t\t\t\t<\/div>\n\t\t\t\t\t<\/div>\n\t\t\t\t<\/div>\n\t\t\t\t<\/div>\n\t\t","protected":false},"excerpt":{"rendered":"<p>+48 533 788 588 NIEPUBLICZNA PORADNIA PSYCHOLOGICZNO-PEDAGOGICZNA &#8222;FABRYCZKA SZCZ\u0118\u015aCIA&#8221; 28-100 Busko-Zdr\u00f3j, ul. Partyzant\u00f3w 22tel. 602 670 417e-mail: kontakt@fabryczkaszczescia.pl\u00a0 adres e-dor\u0119cze\u0144: AE:PL-33031-38666-IFJHT-17 strona\u00a0www: www.fabryczkaszczescia.plDyrektor jednostki: Jakub Mo\u0107ko<\/p>\n","protected":false},"author":1,"featured_media":2501,"parent":0,"menu_order":0,"comment_status":"closed","ping_status":"closed","template":"","meta":{"_acf_changed":false,"footnotes":""},"class_list":["post-2500","page","type-page","status-publish","has-post-thumbnail","hentry"],"acf":[],"_links":{"self":[{"href":"https:\/\/www.fabryczkaszczescia.pl\/index.php\/wp-json\/wp\/v2\/pages\/2500","targetHints":{"allow":["GET"]}}],"collection":[{"href":"https:\/\/www.fabryczkaszczescia.pl\/index.php\/wp-json\/wp\/v2\/pages"}],"about":[{"href":"https:\/\/www.fabryczkaszczescia.pl\/index.php\/wp-json\/wp\/v2\/types\/page"}],"author":[{"embeddable":true,"href":"https:\/\/www.fabryczkaszczescia.pl\/index.php\/wp-json\/wp\/v2\/users\/1"}],"replies":[{"embeddable":true,"href":"https:\/\/www.fabryczkaszczescia.pl\/index.php\/wp-json\/wp\/v2\/comments?post=2500"}],"version-history":[{"count":26,"href":"https:\/\/www.fabryczkaszczescia.pl\/index.php\/wp-json\/wp\/v2\/pages\/2500\/revisions"}],"predecessor-version":[{"id":2653,"href":"https:\/\/www.fabryczkaszczescia.pl\/index.php\/wp-json\/wp\/v2\/pages\/2500\/revisions\/2653"}],"wp:featuredmedia":[{"embeddable":true,"href":"https:\/\/www.fabryczkaszczescia.pl\/index.php\/wp-json\/wp\/v2\/media\/2501"}],"wp:attachment":[{"href":"https:\/\/www.fabryczkaszczescia.pl\/index.php\/wp-json\/wp\/v2\/media?parent=2500"}],"curies":[{"name":"wp","href":"https:\/\/api.w.org\/{rel}","templated":true}]}}